18
Let f(m) = 10*m - 1. Suppose 3*o - 1920*j = -1919*j - 6, 8 = -4*o - 5*j. Calculate f(o).
-21
Let w(s) be the third derivative of -s**4/24 + s**3/3 - 4*s**2 - 22*s. Determine w(-3).
5
Let t(r) = 13*r**2 + r. Let y = -41 - -24. Suppose g + 5*d = 31, -513*d + 13 = g - 514*d. Let x = y + g. What is t(x)?
12
Let o(n) = 2*n + 5. Suppose -320 = -43*i - 44*i + 47*i. What is o(i)?
21
Let k be 2 + -1 + (-171 - 0). Let c = k + 169. Let v(d) = 5*d - 2. Calculate v(c).
-7
Let w = -2149 - -2408. Let s = w - 257. Let b(v) be the second derivative of -7*v**3/6 - v**2 + v. Give b(s).
-16
Suppose -2210*j + 198 = -2144*j. Let q(r) be the first derivative of 1/2*r**4 + r**2 - 9 + r**3 + j*r. Determine q(-2).
-5
Let g(u) be the first derivative of -5/3*u**3 + 1/4*u**4 - 7/2*u**2 + 6*u + 26. Calculate g(6).
0
Let r(x) = 2*x + 23 - 9*x + x - 8*x + 61. Determine r(6).
0
Suppose -23*g - 21 = -26*g. Let s be (-2)/5 - g/(455/(-286)). Let q(n) = -n**3 + 5*n**2 + 4*n - 1. Determine q(s).
31
Let t(b) = -11*b + 2. Let k be ((-192)/68 - -3)*17. What is t(k)?
-31
Suppose -9*m + 4*m = 4*u - 53, -2*m + 8 = -5*u. Suppose 6*p - 15 = m*p. Let n(i) = i**2 + 2*i - 3. What is n(p)?
12
Let z(p) = p**2 + 3*p - 11. Let w(r) = r**2 + 9*r + 51. Let a be w(16). Let v = -457 + a. Determine z(v).
7
Let w = 0 + 0. Suppose -h - 11*h + 24 = 0. Let f(d) = 4*d - 3*d + 5 - 64*d**2 + 63*d**h. Give f(w).
5
Let t(d) = d - 1. Let g(o) = 5*o**2 + 3*o + 1. Let j be g(-2). Let n be 85/(-102) - (-166)/12. Suppose -n*f - j = -10*f. Calculate t(f).
-6
Let w(i) = -2. Let q(z) = -z**2 + 8*z - 9. Let u(a) = 2*a**2 - 5*a - 1. Let m be u(3). Let v(y) = m*w(y) - q(y). Calculate v(4).
-11
Let z(w) = w + 5. Let r = 723 - 732. Let t(v) = -14*v + 10*v - 13*v - v**2 + 1 - v**2. Let g be t(r). Give z(g).
-3
Let r(k) = 2*k - 2 + 2*k**2 + 1 - 5*k. Suppose 5*h + 67 - 37 = 0. Let f be (-16)/h + 19/57. What is r(f)?
8
Let s(t) = 9*t + 3. Let r be ((-34)/2 - -14)*(-2)/3. Determine s(r).
21
Let l be 55/(-22)*5/((-50)/12). Suppose -2*u - 15 = l*u. Let o(z) = 3*z**2 + z. Let j(s) = s**2 + s - 1. Let w(x) = -4*j(x) + o(x). What is w(u)?
4
Let s(d) be the third derivative of -d**5/60 - d**4/2 - 4*d**3 - 119*d**2 + 2. Determine s(-7).
11
Let b = -5 - -8. Let u be (-4 + (-21)/(-7))*(-3 - -2). Let a(s) = u + b*s**2 + 8 - s**3 - 8 - s. Determine a(2).
3
Let t(q) be the third derivative of -q**5/20 + 5*q**4/12 - q**3/2 - 2*q**2 - 1853. Give t(5).
-28
Let a = -147 - -155. Let d(t) = -13 + a + 2*t - 4*t + 4. Determine d(-3).
5
Let d be ((14/21)/((-6)/27))/(-1). Let o(a) = -a**3 + 15*a**2 - 33*a - 3. Determine o(d).
6
Suppose 24*z - 17*z = 0. Let s(n) = 5*n**2 + 26*n - 45. Let y(t) = -t**2 - 6*t + 11. Let f(d) = 2*s(d) + 9*y(d). Determine f(z).
9
Let u(c) = -c**2. Let d(g) = -143*g**3 - 3*g + 9*g**2 + 10 + 72*g**3 + 72*g**3 + 12*g. Suppose -3*o - 2 = t - 3, 2*t + 13 = -o. Let m be d(t). Determine u(m).
-4
Let x(s) be the first derivative of 10*s**2 - 19*s - 9791. Determine x(6).
101
Let q(c) = -7*c - 4. Let o = 167 - 80. Let t(f) = -42*f - 46*f + o*f. Let z(n) = q(n) - 6*t(n). Give z(3).
-7
Let r = 658 + -676. Let j(p) = -p**2 - 20*p - 4. What is j(r)?
32
Let b be (96 + -52)/(1*-2). Let k(p) = -4*p - 100. Give k(b).
-12
Let j(o) = -o**3 - 3*o**2 + 7*o + 5. Let n be j(-4). Let u(r) = -7047*r - 6 - r**2 + 10 + 7039*r. Calculate u(n).
11
Let i(z) be the first derivative of z**2 + 14*z - 7494. What is i(-6)?
2
Let w(t) = -252*t + 1502. Let s be w(6). Let n(x) = x**2 + 8*x - 28. Determine n(s).
-8
Let f(k) = -57*k + 21*k + 49 - 207 + 22*k + 28*k. Determine f(11).
-4
Let o(g) be the first derivative of -g**4/4 - g**3/3 + 2*g**2 + g - 1. Let q be (-1)/((-4 - -6) + (-15)/9). Give o(q).
7
Let q = -32 + 19. Let y = q + -32. Let d = y - -40. Let n(i) = i**2 + 5*i - 2. Calculate n(d).
-2
Let d(n) = -3*n**2 - 1123*n. Let k(m) = -m**2 - 321*m. Let a(x) = 2*d(x) - 7*k(x). Let t be 1/2 - (-1)/2. Give a(t).
2
Let j(m) = m**3 + 6*m**2 + 4*m - 5. Suppose 2*c = 8 + 12. Let k = -13977 - -13991. Suppose -k*z - c = -12*z. Determine j(z).
0
Let w(a) = a**3 + 3*a**2 + 3*a - 6. Suppose f = v, 3*f = -f + v - 9. Let h be w(f). Let k be -4*(-5)/(h/(-3)). Let p(m) = -2*m**2 + 5*m + 4. Calculate p(k).
-8
Let t(a) = a**3 - 35*a**2 - 34*a - 81. Suppose -3705 = 181*w + 109*w - 14145. What is t(w)?
-9
Let o(m) = m**2 - 12*m + 10. Let q = 48 + -46. Suppose 0 = -2*l - q*l - b + 12, 4*l - 36 = 5*b. Let u be ((-544)/(-12))/l + 3/(-9). Give o(u).
-1
Let k(o) = 3 - 7 + 476*o - 471*o + 0. Calculate k(-4).
-24
Let x(h) = -3*h - 8. Let g(y) = 6*y - 81. Let i be g(14). Let f = i + -9. Give x(f).
10
Let u be 504/(-28) + 2 + 1. Let m be 2/u + 39962/(-435). Let y = m - -99. Let h(n) = n**2 - 6*n + 3. Determine h(y).
10
Let l be (-2 + 10)*98/(-1456)*-13. Let p(j) = -j**2 + 5*j + 34. Calculate p(l).
20
Let f(y) = -y**3 + 4*y**2 - 3*y + 4. Let m be f(3). Let l(p) be the second derivative of p**3/3 - p**2 - 113*p. Give l(m).
6
Let g(v) = -90*v - 5. Let h(a) = -72*a**2 - 1943*a + 28. Let n be h(-27). Calculate g(n).
-95
Let n(f) = f**3 + 3*f**2 - f - 1. Suppose 0 = -c + 3*g - 195, -5*c - 915 = -2*g - g. Let s be (-40)/c - 274/18. Let v be (18/s)/(2/5). What is n(v)?
2
Let u(v) = v**3 + 6*v**2 + 8*v + 4. Suppose -1 - 4 = m + 5*l, l = -3*m - 15. What is u(m)?
-11
Let o(d) = -d - 5. Let p(r) = -14*r - 95. Let z be p(-6). What is o(z)?
6
Let n(k) be the second derivative of -11*k**3/6 + 3*k**2 + 752*k - 1. Calculate n(-3).
39
Let s(a) = 7*a**2 - 4*a + 8*a**2 + 3*a + 2 - 4*a**2 - a**3. Let r be s(11). Let k be ((-11)/r - 1) + (-22)/18. Let f(l) = -12*l**2 - l. Determine f(k).
-11
Let b = -148 - -148. Suppose b = 2*m + 4 - 2. Let w(v) = -11*v + 1. What is w(m)?
12
Let p(z) be the third derivative of z**6/120 - 2*z**5/15 + 5*z**3/6 + 4*z**2. Let j = -550 + 558. Give p(j).
5
Let d(g) = -4141*g + 11 + 7*g**2 - 11 + 4178*g. Calculate d(-5).
-10
Let c(n) = 2*n**3 + 23*n**2 - 8*n + 32. Let w be (20/6)/(51/((-10098)/55)). Calculate c(w).
-16
Let g(n) = -2*n**2 + 5*n + 4. Let f(d) = -d**3 - 3*d**2 + 2*d. Let v be f(0). Suppose v = -h - 5, q + 0*q - 9 = h. Calculate g(q).
-8
Let n(l) = l**2 - 12*l + 20. Let b be n(10). Suppose 3*x - 2*x - 3*z = -1, -2*x - z = -5. Let r(v) = 0*v + 160*v**3 - x - v - 159*v**3. What is r(b)?
-2
Let k = -1242 - -1244. Suppose -4*m + 24 - 4 = 0. Let c(v) = -2 + 2 - 3 + m - v - 2*v**2 + v**3. Determine c(k).
0
Let f(g) = -2*g**3 - g**2 - 2*g - 1. Suppose 39 = -13*k + 104. Suppose 0 = -3*c + 5*o - 13, k*c = o - 1 - 6. Calculate f(c).
2
Let i(o) = o - 3. Suppose 35*g = 30*g + 10. Suppose t + 11 = -3*h, g*h + 2*t + 18 = -2*h. Give i(h).
-5
Let f(x) = x**3 - 6*x**2 + 2. Let r be f(6). Let d be ((-65)/3)/(r/(-6)). Let y(b) = -57 - b**3 + d - 8*b + 2*b**3 - 5*b**2. What is y(6)?
-4
Let x be (-4)/(-24)*-4 - 35/(-21). Let f(m) = -x + 201*m - 395*m - m**2 + 196*m. Calculate f(2).
-1
Let s = 1633 + -7067. Let b be (s/(-39))/19*(-6)/(-4). Let k(w) = -2*w + 23. Determine k(b).
1
Let v(b) be the second derivative of 7*b**3/6 - 31*b**2/2 + 8625*b. Give v(4).
-3
Let z(l) = -21*l**3 - l**2 - 24*l - 23. Let i be 245/(-315) - 6/27. Determine z(i).
21
Let h(a) = -18*a + 97 - 98 + 11*a + 29. Give h(11).
-49
Suppose 4*h = 4*y + 4 - 8, y = -h - 5. Let o be (1 - 0)/(y*(-2)/4). Let w(j) be the first derivative of 15*j**4/4 + 2*j**3/3 - j**2/2 - 4. Determine w(o).
16
Let o(c) = 2*c**2 - 2410*c**3 - 9 + 4821*c**3 - 14 + 8*c + 5 - 2412*c**3. What is o(2)?
-2
Let s(f) be the second derivative of -1/4*f**4 - 1/20*f**5 - 2*f**2 + 0 - 1/6*f**3 - 29*f. Let q be s(0). Let c(b) = -b**3 - 5*b**2 - 2*b + 4. Calculate c(q).
-4
Let n(w) be the third derivative of 7*w**4/24 + w**3/6 + w**2. Let c(t) = t**3 - 14*t**2 + 14*t + 121. Let r be c(12). What is n(r)?
8
Let j(z) = 8*z**3 + 217*z**2 + 9*z - 484. Let n be j(-27). Let b(u) = -17*u + 14. Give b(n).
-20
Let n(b) = -7*b + 38. Suppose 4*y + 5 = 5*y, -40 = 5*r - 2*y. Give n(r).
80
Suppose 13*j - 8 = 70. Let g(z) = 11*z + j*z + 3*z - 41*z + 2. What is g(-2)?
44
Let m be (-180)/(-8) + (-495)/(-198). Let n(l) = l - 34. Calculate n(m).
-9
Let w(f) be the first derivative of 1/120*f**6 + 0*f + 15/2*f**2 - 4 - 1/10*f**5 + 0*f**4 + 1/2*f**3. Let d(g) be the second derivative of w(g). What is d(6)?
3
Suppose -8*m = -411 + 355. Let i be 0*m/(-63) - -11. Let b(r) = -